{"id":21448,"date":"2023-12-05T07:22:09","date_gmt":"2023-12-05T07:22:09","guid":{"rendered":"https:\/\/texier.ch\/sales\/val-dilliez-1873-lau-vs-ra-2\/"},"modified":"2026-04-16T21:00:08","modified_gmt":"2026-04-16T21:00:08","slug":"val-dilliez-1873-lau-vs-ra-2","status":"publish","type":"listing","link":"https:\/\/texier.ch\/en\/sales\/val-dilliez-1873-lau-vs-ra-2\/","title":{"rendered":"Magnifique appartement \u00e0 vendre \u00e0 Val-d&#8217;Illiez!"},"content":{"rendered":"<p>Nich\u00e9 au c\u0153ur des majestueuses Alpes suisses, dans le pittoresque village de Val-d&#8217;Illiez, cet appartement de 3.5 pi\u00e8ces pr\u00e9sente une opportunit\u00e9 exceptionnelle pour les acqu\u00e9reurs \u00e0 la recherche d&#8217;une r\u00e9sidence secondaire ou d&#8217;un investissement immobilier au sein du prestigieux domaine skiable des Portes du Soleil. Offrant deux chambres spacieuses et deux salles de bains modernes, cette propri\u00e9t\u00e9 se distingue comme un choix id\u00e9al pour les couples ou les petites familles. Avec une surface habitable g\u00e9n\u00e9reuse de 74 m\u00e8tres carr\u00e9s, l&#8217;espace de vie est con\u00e7u pour offrir un confort optimal. De plus, le balcon de 15 m\u00e8tres carr\u00e9s offre une vue imprenable sur la Vall\u00e9e d&#8217;Illiez et les majestueuses Dents Blanches, ajoutant une dimension panoramique \u00e0 cet appartement.\u00a0<\/p>\n<p>Caract\u00e9ristiques cl\u00e9s de la propri\u00e9t\u00e9:<\/p>\n<ul>\n<li>2 chambres \u00e0 coucher pour un repos paisible<\/li>\n<li>2 salles de bains modernes pour un confort optimal<\/li>\n<li>Surface habitable de 74 m\u00e8tres carr\u00e9s pour une vie spacieuse<\/li>\n<li>Balcon de 15 m\u00e8tres carr\u00e9s pour profiter de la vue sur les Dents Blanches<\/li>\n<li>1 parking int\u00e9rieur pour faciliter le stationnement<\/li>\n<li>Ann\u00e9e de construction : 2012 pour une construction r\u00e9cente<\/li>\n<li>Orientation sud<\/li>\n<li>Situ\u00e9 au 2\u00e8me \u00e9tage avec ascenseur pour un acc\u00e8s facile<\/li>\n<\/ul>\n<p>Ne manquez pas cette opportunit\u00e9 exceptionnelle d&#8217;acqu\u00e9rir un superbe appartement \u00e0 Val-d&#8217;Illiez. Contactez-nous d\u00e8s maintenant pour organiser une visite et d\u00e9couvrir tous les avantages de cette propri\u00e9t\u00e9 unique. Nous sommes impatients de r\u00e9pondre \u00e0 toutes vos questions et de vous aider \u00e0 concr\u00e9tiser votre projet immobilier.<\/p>\n","protected":false},"featured_media":0,"template":"","listing_type":[11],"property_type":[3],"no_of_rooms":[4],"feature":[20],"orientation":[],"locality":[817,171],"postcode":[818],"country":[10],"listing_status":[85],"ra_feature":[80],"class_list":["post-21448","listing","type-listing","status-publish","hentry","listing_type-buy","property_type-apartment","no_of_rooms-6-rooms","feature-view","locality-val-dilliez","locality-valais","postcode-818","country-ch","listing_status-sold","ra_feature-published-on-ra"],"acf":[],"_links":{"self":[{"href":"https:\/\/texier.ch\/en\/wp-json\/wp\/v2\/listing\/21448","targetHints":{"allow":["GET"]}}],"collection":[{"href":"https:\/\/texier.ch\/en\/wp-json\/wp\/v2\/listing"}],"about":[{"href":"https:\/\/texier.ch\/en\/wp-json\/wp\/v2\/types\/listing"}],"wp:attachment":[{"href":"https:\/\/texier.ch\/en\/wp-json\/wp\/v2\/media?parent=21448"}],"wp:term":[{"taxonomy":"listing_type","embeddable":true,"href":"https:\/\/texier.ch\/en\/wp-json\/wp\/v2\/listing_type?post=21448"},{"taxonomy":"property_type","embeddable":true,"href":"https:\/\/texier.ch\/en\/wp-json\/wp\/v2\/property_type?post=21448"},{"taxonomy":"no_of_rooms","embeddable":true,"href":"https:\/\/texier.ch\/en\/wp-json\/wp\/v2\/no_of_rooms?post=21448"},{"taxonomy":"feature","embeddable":true,"href":"https:\/\/texier.ch\/en\/wp-json\/wp\/v2\/feature?post=21448"},{"taxonomy":"orientation","embeddable":true,"href":"https:\/\/texier.ch\/en\/wp-json\/wp\/v2\/orientation?post=21448"},{"taxonomy":"locality","embeddable":true,"href":"https:\/\/texier.ch\/en\/wp-json\/wp\/v2\/locality?post=21448"},{"taxonomy":"postcode","embeddable":true,"href":"https:\/\/texier.ch\/en\/wp-json\/wp\/v2\/postcode?post=21448"},{"taxonomy":"country","embeddable":true,"href":"https:\/\/texier.ch\/en\/wp-json\/wp\/v2\/country?post=21448"},{"taxonomy":"listing_status","embeddable":true,"href":"https:\/\/texier.ch\/en\/wp-json\/wp\/v2\/listing_status?post=21448"},{"taxonomy":"ra_feature","embeddable":true,"href":"https:\/\/texier.ch\/en\/wp-json\/wp\/v2\/ra_feature?post=21448"}],"curies":[{"name":"wp","href":"https:\/\/api.w.org\/{rel}","templated":true}]}}

Magnifique appartement à vendre à Val-d&#8217;Illiez!

<p>Niché au cœur des majestueuses Alpes suisses, dans le pittoresque village de Val-d&#8217;Illiez, cet appartement de 3.5 pièces présente une opportunité exceptionnelle pour les acquéreurs à la recherche d&#8217;une résidence secondaire ou d&#8217;un investissement immobilier au sein du prestigieux domaine skiable des Portes du Soleil. Offrant deux chambres spacieuses et deux salles de bains modernes, cette propriété se distingue comme un choix idéal pour les couples ou les petites familles. Avec une surface habitable généreuse de 74 mètres carrés, l&#8217;espace de vie est conçu pour offrir un confort optimal. De plus, le balcon de 15 mètres carrés offre une vue imprenable sur la Vallée d&#8217;Illiez et les majestueuses Dents Blanches, ajoutant une dimension panoramique à cet appartement. </p>
<p>Caractéristiques clés de la propriété:</p>
<ul>
<li>2 chambres à coucher pour un repos paisible</li>
<li>2 salles de bains modernes pour un confort optimal</li>
<li>Surface habitable de 74 mètres carrés pour une vie spacieuse</li>
<li>Balcon de 15 mètres carrés pour profiter de la vue sur les Dents Blanches</li>
<li>1 parking intérieur pour faciliter le stationnement</li>
<li>Année de construction : 2012 pour une construction récente</li>
<li>Orientation sud</li>
<li>Situé au 2ème étage avec ascenseur pour un accès facile</li>
</ul>
<p>Ne manquez pas cette opportunité exceptionnelle d&#8217;acquérir un superbe appartement à Val-d&#8217;Illiez. Contactez-nous dès maintenant pour organiser une visite et découvrir tous les avantages de cette propriété unique. Nous sommes impatients de répondre à toutes vos questions et de vous aider à concrétiser votre projet immobilier.</p>
